49 = 5*b. Let o be (78/(-4))/(-3)*12. What is the highest common factor of w and o?
6
Suppose 167*b = 154*b + 5616. Suppose b = 266*a - 265*a. Calculate the greatest common factor of 32 and a.
16
Let k(a) = 1188*a**2 + 181*a + 181. Let v be k(-1). Calculate the highest common factor of v and 72.
36
Let s(u) = 60*u**2 + 11*u - 10. Let f be s(1). Suppose 20 = 9*p - f. What is the highest common divisor of 24 and p?
3
Suppose -19*z = 45*z - 2048. Let v be 2 + -3 + 1 + 0. Suppose 3*o + 3*b = 6*o, 4*o - 2*b - 8 = v. Calculate the greatest common divisor of o and z.
4
Let s be -4 + (96 - 94)/(0 - 2/(-308)). What is the greatest common divisor of s and 4636?
76
Let g(m) = 19*m**2 - 8*m**2 + 4*m - 2 - 12*m**2. Let u be g(11). Let j = 142 + u. What is the highest common factor of 84 and j?
21
Suppose -2*m - 24 = -4*p, 12049*m - 12054*m - 15 = -5*p. Calculate the highest common divisor of p and 3597.
3
Let z be 3/3*(2 + 1). Suppose -c - 30 = -z*c. Let f(b) = -b + 16. Let j be f(10). What is the highest common factor of j and c?
3
Suppose -37074 = -2*d + 5*o, -345*o + 18534 = d - 348*o. What is the highest common divisor of 48 and d?
24
Let u = -1904 - -1907. Let r(k) = -5*k - 6. Let d be r(-4). What is the greatest common divisor of d and u?
1
Let u = -77 + 80. Suppose -4*j = -u*w + 28, 9 = w - 5*j - 4. Suppose -7*c - w = -50. What is the highest common divisor of 66 and c?
6
Suppose r + 3*p = -15, -5*r + 24 - 27 = -3*p. Let q be -2 - -1 - (-27 + r + 8). What is the highest common factor of q and 63?
21
Let z be 7/252 - (-8)/36 - (-106599)/4. Calculate the greatest common factor of 50 and z.
50
Suppose 800 + 244 = 196*w + 260. What is the highest common factor of w and 36?
4
Let m = 513 - 505. Let l(v) = 2*v**2 + 11*v - 148. Let b be l(m). Calculate the greatest common divisor of 4 and b.
4
Let x = -11 + 18. Suppose -x*u = -5*u - 40. Let z = u - 0. What is the highest common factor of z and 10?
10
Let b be (-56)/(-224)*(-1 - -9). What is the greatest common factor of 16 and b?
2
Let s be (5/(-10))/(1/(-2)). Let d = s - -3. Let v(q) = q**2 + 16*q - 328. Let m be v(-28). Calculate the greatest common divisor of d and m.
4
Let m = 1 - 1. Let b be (2 - (-30)/3) + m. Let p = -45 - -129. Calculate the greatest common divisor of p and b.
12
Let r be 3 - (-2 + 117)/(-5). Let h = 23 - 23. Suppose 0*j - 3*n - 59 = -j, -3*j - n + 197 = h. Calculate the highest common factor of r and j.
13
Suppose -9*u + 10*u - 441 = -4*a, -259 = -2*a + 5*u. Calculate the greatest common factor of 40 and a.
8
Let x be ((-300)/42)/((-8)/28)*(-74)/(-10). Calculate the highest common factor of 5 and x.
5
Let h = -41 + -11. Let q = -47 - h. Suppose -f + 3*i = -42, 0*i - 203 = -4*f + q*i. What is the greatest common factor of 19 and f?
19
Suppose 0 = -2*p + 4*q + 28, 0*p - p - 3*q = 1. Suppose -p*o + 3*o + 30 = 4*u, -5 = o + 3*u. Calculate the highest common factor of 130 and o.
10
Let s(i) = -20*i**3 - 18*i**2 - 16*i - 80. Let a be s(-10). Calculate the greatest common factor of a and 8.
8
Suppose 4*i - 675 + 123 = 0. Suppose 14544 + 5331 = 412*j + 923. Calculate the greatest common factor of j and i.
46
Suppose -4*o + 3*z - 1519 = 661, -4*z - 1068 = 2*o. Let f = 544 + o. What is the greatest common factor of f and 23?
1
Suppose 9*z = 53281 - 4897. Calculate the highest common factor of z and 84.
84
Let p(l) = 5*l**2 - 333*l - 376. Let k be p(79). What is the greatest common factor of 21 and k?
7
Let k be (-293105)/(-183) + (-10 - -7 - (-20)/6). What is the greatest common factor of k and 36?
18
Suppose 4*r + 247 = 3*a - r, -2*r = 5*a - 422. Let i = 31 + a. What is the greatest common divisor of i and 207?
23
Let l(j) = -4*j**2 - 6*j + 26*j**2 - 19 + 3*j**2. Let n be l(8). Suppose 0 = 12*o - n - 1899. Calculate the highest common factor of 26 and o.
26
Let s be 2 + (3 - 24/5) - 150072/(-390). What is the greatest common divisor of 6083 and s?
77
Suppose 0 = 21*j - 74 + 11. Suppose 200 = 4*o - 4*z, -3*o + j*z - 282 = -8*o. Calculate the highest common factor of 243 and o.
27
Let v(k) = 2*k - 5*k - 1 + k - 11*k**3. Let q be v(-1). Suppose -3*y = -q - 18. Calculate the highest common divisor of y and 10.
10
Let r = -27199 - -47860. Calculate the highest common divisor of r and 213.
213
Let b be 2 - 5 - ((-8)/2 + -41). Suppose g + b = 8*g. What is the highest common divisor of 27 and g?
3
Let y(t) = 47*t**2 - 3*t - 1. Suppose 9*s + 20 = 11. Let z be y(s). Let r = -8 + 15. Calculate the highest common divisor of r and z.
7
Suppose 33 = 4*b - 0*n + 5*n, -4*b = -5*n - 63. Let r be (-10)/(-3)*b/5. Let a be 3080/(-539)*-1*7. Calculate the highest common factor of r and a.
8
Let z(o) = 73*o**2 - 154*o - 55. Let f be z(5). Suppose -m - 4*r + 48 = m, 0 = -r + 2. Calculate the highest common divisor of m and f.
20
Let h(b) = b**2 - 35*b + 747. Let d be h(38). Calculate the highest common factor of d and 21.
21
Suppose 79*s = 3*g + 74*s - 404, -5*g + 648 = -2*s. What is the highest common factor of g and 7776?
32
Let q = 3870 + -3012. Calculate the highest common factor of q and 221.
13
Let g(w) = -w**2 + 15*w + 137. Let n(z) = 6*z**2 + 5*z + 7. Let s be n(-2). Let j be g(s). Calculate the highest common factor of j and 176.
11
Let w(x) = -x**3 + 4*x**2 + 5*x + 1. Let b be w(4). Suppose 0 = 3*f + 6 + 6, 4*f + 72 = t. What is the greatest common divisor of b and t?
7
Let k(h) be the third derivative of h**5/60 + h**4/3 - 97*h**3/6 + 289*h**2. Let y be k(30). What is the highest common divisor of y and 7?
7
Let u(p) = 9*p - 72. Let c be u(15). Suppose -2*s + 3*s - c = 0. Calculate the greatest common factor of 18 and s.
9
Suppose -h + p - 2*p + 516 = 0, 2*h - 1044 = p. Suppose 4*t + k - 514 + 98 = 0, 0 = -5*t + k + h. Calculate the highest common divisor of 78 and t.
26
Let r be -3 + (1159/(-38))/(2/20). Let a = 331 + r. What is the highest common divisor of a and 1?
1
Let l = -4 - -3. Let x(f) = 94*f**2 - 1. Let v be x(l). Suppose 15*s + 20*s - 51*s + 496 = 0. What is the highest common factor of v and s?
31
Let c be (6/(-8))/((-36)/1008). Calculate the greatest common divisor of 2583 and c.
21
Let p(t) = 115*t**2 - 5757*t + 354. Let w be p(50). Let v(r) = -7*r**3 - 3*r - 2. Let z be v(-2). Calculate the highest common factor of w and z.
4
Suppose 5*f = 4*l + 6712, 93*f - 94*f + 1360 = -3*l. What is the greatest common divisor of f and 184?
8
Suppose -9225 = -1405*q + 18875. Suppose -21 = -3*g - 2*m + 5*m, 2*g + 4*m = 20. Calculate the highest common factor of g and q.
4
Let d = -3127 - -3151. Calculate the greatest common factor of d and 636.
12
Suppose -4*i = -5*u - 3040 - 3676, 5006 = 3*i + 4*u. What is the highest common factor of i and 54?
54
Let x = 9878 + -9858. Calculate the highest common divisor of 9820 and x.
20
Suppose -12370 - 39488 = -258*t. Calculate the greatest common divisor of t and 27.
3
Let c = 389 + -385. Suppose 2*w = -i + 26 - 16, -c*i + 4*w = -64. Calculate the greatest common divisor of i and 182.
14
Suppose -61 - 235 = -27*r + 109. Calculate the greatest common factor of 48 and r.
3
Let x(a) = -15*a - 348. Let u be x(-23). Let o be -3 - 0 - 33/u*9. What is the greatest common divisor of o and 528?
48
Suppose 24*c = -0*c - 35*c + 1059345. What is the highest common divisor of 30 and c?
15
Let h be 1 - 0 - 0 - (8 - 9). Suppose -110 = -a - 3*x, -h*x + 0*x = -4*a + 412. What is the highest common divisor of 4 and a?
4
Let m(b) = -279*b + 1228. Let g be m(2). What is the greatest common divisor of 804 and g?
134
Suppose -35*t - 5*r = -37*t + 618, 2*r - 965 = -3*t. What is the greatest common divisor of t and 121?
11
Suppose -2 = -i + 4. Suppose 142 = 3*m + 2*o, 5*m + 2*o + 33 = 259. Calculate the greatest common divisor of i and m.
6
Let i(d) = d + 4*d + 18 + 0*d - 8*d. Let b be i(7). Let p be ((-17)/b)/((-24)/(-72)). Calculate the highest common divisor of 68 and p.
17
Let m = -3005 - -3041. Calculate the greatest common factor of m and 2316.
12
Suppose s = 4*l + 123, 4*s + 0*l - 432 = -4*l. Suppose 2*c = -2*c + 296. What is the greatest common divisor of c and s?
37
Let y = 9332 + 1800. Calculate the greatest common factor of y and 23.
23
Let p be -7 - 2/((-4)/78). Suppose -i - p + 39 = -m, 3*i + 5*m - 13 = 0. Calculate the highest common factor of 48 and i.
6
Let i(f) = 